/1 - (0 - 4). Suppose -o*k + 115 + 30 = -z, 0 = k - g*z - 75. What are the prime factors of k?
2, 3
Let k = 863 - 1347. Let m = -329 - k. List the prime factors of m.
5, 31
Let b(u) = 6*u - 60. Let f be b(5). What are the prime factors of 20/f - (-1262)/3?
2, 3, 5, 7
Suppose 450 = 18*u - 12*u. Suppose 0 = -15*s + 18*s - u. List the prime factors of s.
5
Let f = 20573 - 11147. List the prime factors of f.
2, 3, 1571
Let w(a) = a**3 - 4*a**2 - 6. Let c be w(4). Let l(n) = n**2 + 6*n + 11. Let q be l(c). List the prime factors of q/(22/72) - 0.
2, 3
Let q be (24/(-15))/(2/5). What are the prime factors of (56/6)/14*(-2802)/q?
467
Suppose 3*l - 3*z - 57 = 0, 2*l + 2*z + 25 = 63. Suppose -26*x - l*x = -3240. What are the prime factors of x?
2, 3
Let f = 49 + -46. Suppose -5*y + 2*o = 14, -o + f*o = -6. Let n = y + 17. List the prime factors of n.
13
Let q = -74 - -77. Suppose q = -t + 9. List the prime factors of ((-40)/t)/(14/(-63)).
2, 3, 5
What are the prime factors of 31748/14*(-560)/(-32)?
5, 7937
Suppose 2*u = -66 + 350. Suppose -129 = -2*x + 3*n, 2*n = -7*x + 384 + 155. Let d = u - x. What are the prime factors of d?
67
Let n = 7001 + -101. What are the prime factors of n?
2, 3, 5, 23
Let w(j) = 12*j**3 + 599*j**2 - 53*j - 83. Let q be w(-50). Let i(k) = 15*k**2 - k - 2. Let v be i(2). Let u = v + q. List the prime factors of u.
3, 41
Let b = -28 + 56. Let u = 42 - b. Let j = u + 16. What are the prime factors of j?
2, 3, 5
Let l = -8904 - -25834. List the prime factors of l.
2, 5, 1693
Suppose -4*c + 822 = -1766. Let l = c + -331. List the prime factors of l.
2, 79
Let j(h) be the second derivative of 6*h**3 - 65*h**2/2 - 98*h. What are the prime factors of j(14)?
439
Suppose 22*f + 59227 = 62*f - 559213. List the prime factors of f.
15461
Let k(w) be the second derivative of 4/3*w**3 - 20*w + 25/2*w**2 + 0. What are the prime factors of k(13)?
3, 43
Let v = 38656 + -22807. List the prime factors of v.
3, 587
Suppose -20*r = 178761 - 571067 - 709654. What are the prime factors of r?
2, 3, 3061
Let o be 5 - 3 - 2 - -33. Let z(d) = -d**3 + 19*d**2 + 21*d - 15. Let k be z(20). Suppose r - o = 3*h, -k*r + 2*h - 114 = -10*r. List the prime factors of r.
2, 3
Let m(i) be the second derivative of -i**6/30 - 7*i**5/60 + i**4/6 + 32*i. Let t(x) be the third derivative of m(x). List the prime factors of t(-5).
2, 53
Suppose -y + 9936 = 2652. List the prime factors of y.
2, 3, 607
Let n = -17620 - -25536. List the prime factors of n.
2, 1979
Let w(s) = s**2 - 14*s + 1. Let g be w(11). Let x = 97 + g. Let b = -36 + x. List the prime factors of b.
29
Let c(n) = -6*n + 113. Let d be c(19). List the prime factors of 2239/8 - d/8.
2, 5, 7
Let p = 29566 - 22182. List the prime factors of p.
2, 13, 71
Let s be 28/12*(-4 - -25 - 0). Suppose -43*g + s*g - 54 = 0. Suppose -4*k + g*k - 206 = -b, 0 = -2*b - k + 421. List the prime factors of b.
211
Let m(c) = -236*c - 1081. What are the prime factors of m(-44)?
3, 7, 443
Suppose 0 = 5*f - 3*j - 6953, -j - 1391 = 2*f - 3*f. Suppose -f - 2194 = -8*h. What are the prime factors of h?
2, 7
Suppose -6*q + q = 5. List the prime factors of q/11 - (-67459)/77.
2, 3, 73
Let k(s) = 55*s + 4. Let w be k(-5). Let n = w - -703. Suppose -h = -7*h + n. List the prime factors of h.
2, 3
Suppose -15198 = -2*g - 2*z, 3*g - 22795 = 31*z - 32*z. List the prime factors of g.
2, 29, 131
Suppose 0 = -2*n + 2 + 2. Suppose -5*w + 3*r = -3822, -n*w - 6*r = -r - 1504. Suppose 0*s = -6*s + w. What are the prime factors of s?
127
Suppose 0 = -30*m + 352784 - 88454. What are the prime factors of m?
3, 11, 89
Let i = 2 - -30. Suppose -574 + 234 = -10*j. Suppose -j*m = -i*m - 86. What are the prime factors of m?
43
Let m(q) = -63*q - 10. Let s be m(-3). Suppose n - s = 137. Suppose w - n = -3*a, -a - 2*a + 319 = 4*w. List the prime factors of a.
3, 5, 7
Suppose 0 = -2*x + 5*x - 129. Suppose -x*l = -1869 - 7806. What are the prime factors of l?
3, 5
Let y(x) = -187*x**3 + 2*x**2 + 6*x - 7. Let s be y(1). Let o = 881 + s. List the prime factors of o.
5, 139
Suppose 25*w - 31792 = 29*w. Let q = w - -14472. Suppose q = 22*p + 1244. What are the prime factors of p?
2, 3, 5
What are the prime factors of -2 + (4329 - -9 - 5)?
61, 71
Suppose -11*v + 6*v - 185 = 0. Let i = v - -95. Let u = -32 + i. What are the prime factors of u?
2, 13
Suppose -202*a - 2496 = -215*a. List the prime factors of a.
2, 3
List the prime factors of (-30)/(-6) - (-6 + -1803 + -4).
2, 3, 101
Suppose -2*w - 5*o + 93 = 2*w, -3*o + 15 = 0. Suppose 21*i - w*i = -72. What are the prime factors of 2723/63 - (-4)/i?
43
Let f(j) = 17*j + 11*j + 2*j - 141. What are the prime factors of f(15)?
3, 103
Suppose 3*v = 4*r - 16865 + 2240, 2*v + 10969 = 3*r. What are the prime factors of r?
3, 23, 53
Let g be (4 + 1 + -4)/((-2)/(-2042)). Let u = -577 + g. List the prime factors of u.
2, 3, 37
Let k = -959 - -4039. List the prime factors of ((-15)/(-10))/(6172/k + -2).
5, 7, 11
Let t = 36 + -33. Suppose -1927 = -t*c + 1655. Suppose -c = 2*y - 8*y. What are the prime factors of y?
199
Let f(d) = d**2 - 9*d - 16. Let q be f(11). Let c = q + 5. Suppose -c*a + 479 = -753. What are the prime factors of a?
2, 7
Suppose 3*k = -2*p + 2772, -5*p - 2*k = -6*k - 6907. What are the prime factors of (p/(-24))/((-9)/72)?
461
Let c(o) = 2*o**3 + o - 52. List the prime factors of c(12).
2, 7, 61
Suppose 4*k - 17258 = -n, 4*n - 7266 = -k + 61751. What are the prime factors of n?
2, 8627
Suppose 0 = -4*a + 3*c + 141836, 6*a = 4*a + 5*c + 70904. List the prime factors of a.
2, 7, 17, 149
Let l be (141/8)/(-3) - 2/16. List the prime factors of (l - 8/(-4)) + (1 - -722).
719
Let u(p) = 128*p - 3. Let j be u(5). Let h = -186 + j. What are the prime factors of h?
11, 41
Let x(y) = 924*y + 3312. List the prime factors of x(17).
2, 3, 5, 317
Let n = 356 + -353. Suppose 0 = -o - 5, -n*i - 2*i + 3360 = o. List the prime factors of i.
673
Let y(n) = 72*n**2 - 46*n + 10. What are the prime factors of y(20)?
2, 5, 2789
Let u = 277 + -181. Let m(v) = 23*v - 1. Let s be m(6). Let d = s - u. What are the prime factors of d?
41
Let y = -65 + 74. Let g be 60/10*48/y. Suppose -27*m + g*m - 1025 = 0. What are the prime factors of m?
5, 41
Suppose 3*o - 33 = 3*h, -79 = -5*o + h - 2*h. Let d(g) = -11*g + 1 + 24*g + 99*g**3 - o*g + 2*g**2. List the prime factors of d(1).
2, 5
Let u(o) = 9*o**2 + 4*o + 2. Suppose 40*j + 57 = 39*j. Let c = 55 + j. List the prime factors of u(c).
2, 3, 5
Suppose 3*r - 94700 = -8*x + 25828, 0 = 5*x + 3*r - 75330. What are the prime factors of x?
2, 3, 31
Let y(t) = -t**3 - 32*t**2 + 69*t + 78. Suppose p = -4*r - 22, p + 4*r + 37 = 5*r. What are the prime factors of y(p)?
2, 11
List the prime factors of 3390/18*(-2 - -5).
5, 113
Let s(u) = -3*u + 8. Let m be s(2). Let t(z) = z**2 + 6*z - 10. Let c be t(m). Suppose 5*f - 2 = 3*l + c, 3*f - 24 = -3*l. What are the prime factors of f?
2
Suppose 125*m - 16175 = 124*m. List the prime factors of m.
5, 647
Let u = -67 + 73. List the prime factors of (129/172)/(u/8368).
2, 523
What are the prime factors of (-63)/27*135558/(-17)?
2, 3, 7, 443
Suppose -3*n - 15*n = 0. Let j be 72 - (n + 6)*3/(-6). Let b = 130 - j. What are the prime factors of b?
5, 11
Let q = 51 + -40. Suppose -161 - 169 = -q*n. Let a = 19 + n. List the prime factors of a.
7
Suppose 10*x + 876750 = 35*x. Suppose 6*v - 41*v = -x. What are the prime factors of v?
2, 3, 167
Let y be -2 - (-8 - (-6 + 2)). Suppose v = 6*v + 25, -y*m - 5*v + 131 = 0. Suppose -8*p = -m - 874. List the prime factors of p.
7, 17
Let h(y) = -y**3 - 22*y**2 - 64*y - 5. Let u(o) = o**3 + 22*o**2 + 64*o + 6. Let a(b) = 3*h(b) + 2*u(b). List the prime factors of a(-20).
3, 53
Let k(l) = l**3 + 21*l**2 + 3*l + 67. Let o be k(-21). Suppose h = o*h - 396. List the prime factors of h.
2, 3, 11
Suppose -58*r - 454 = 16540. Let s be (-3)/(-2)*(-72 - 2). Let m = s - r. What are the prime factors of m?
2, 7, 13
Let d = 1029 - -2378. List the prime factors of d.
3407
Suppose 0 = 5*a - 4*g - 34 - 20, 7*a - 68 = -2*g. Suppose -a*o - 198 = -16*o. What are the prime factors of o?
3, 11
Let m = -28 + 31. Suppose -k + 186 = 2*k + 4*p, -3*k + 189 = m*p. What are the prime factors of k?
2, 3, 11
Suppose 100 = 3*l + 97, 2*l - 7215 = -f. Wh